{"id":572,"date":"2021-10-11T12:00:15","date_gmt":"2021-10-11T09:00:15","guid":{"rendered":"http:\/\/smartyschool.stylemixthemes.com\/?page_id=572"},"modified":"2025-02-25T17:21:22","modified_gmt":"2025-02-25T14:21:22","slug":"meals","status":"publish","type":"page","link":"https:\/\/www.dortyolyukselis.k12.tr\/?page_id=572","title":{"rendered":"Tarih\u00e7e"},"content":{"rendered":"<p>[vc_row][vc_column][stm_title title_align=&#8221;center&#8221; page_title_enable=&#8221;true&#8221; title_margin_b=&#8221;28px&#8221;][\/stm_title][vc_single_image image=&#8221;5057&#8243; img_size=&#8221;full&#8221; alignment=&#8221;center&#8221; style=&#8221;vc_box_rounded&#8221; css_animation=&#8221;slideInLeft&#8221;][vc_column_text css_animation=&#8221;slideInRight&#8221;]<span style=\"font-size: 14pt; color: #000080;\">D\u00fc\u015f\u00fcnme, alg\u0131lama ve problem \u00e7\u00f6zme yetene\u011fi geli\u015fmi\u015f, demokratik de\u011ferleri ve milli k\u00fclt\u00fcr\u00fc \u00f6z\u00fcmsemi\u015f, payla\u015f\u0131ma ve ileti\u015fime a\u00e7\u0131k, sanat ve estetik duygular\u0131 g\u00fc\u00e7l\u00fc, \u00f6zg\u00fcven ve sorumluluk duygusu ile giri\u015fimcilik ve yenilik\u00e7ilik \u00f6zelliklerine sahip, bilim ve teknoloji kullan\u0131m\u0131na ve \u00fcretimine yatk\u0131n, bilgi toplumunun gerektirdi\u011fi temel bilgi ve becerilerle donanm\u0131\u015f, \u00fcretken ve mutlu bireylerin yeti\u015fmesi e\u011fitim sistemimizin temel amac\u0131d\u0131r.<\/span><\/p>\n<p><span style=\"font-size: 14pt; color: #000080;\"><strong>Nihai hedefimiz iyi bir m\u00fchendis, iyi bir hukuk\u00e7u, iyi bir doktor de\u011fil iyi bir insan yeti\u015ftirmeye \u00e7al\u0131\u015fmak, en \u00f6nemlisi insanlar\u0131 seven ve k\u00f6t\u00fcl\u00fc\u011fe k\u00f6t\u00fcl\u00fckle cevap vermeyen Mevlana dilli Yunus y\u00fcrekli gelecek nesiller yeti\u015ftirmek olacakt\u0131r.<\/strong><\/span><\/p>\n<p><span style=\"font-size: 14pt; color: #000080;\">&#8220;E\u011fitime yap\u0131lan yat\u0131r\u0131m gelece\u011fe yap\u0131lan yat\u0131r\u0131md\u0131r&#8221; anlay\u0131\u015f\u0131yla, e\u011fitimin en \u00f6ncelikli mesele olarak ele al\u0131nmas\u0131 gerekti\u011fini biliyoruz. Bu konuda devletin yan\u0131nda, sivil toplum kurulu\u015flar\u0131na, hay\u0131rseverlere, hepimize g\u00f6rev d\u00fc\u015ft\u00fc\u011f\u00fcne inanan e\u011fitimciler olarak \u00fczerimize d\u00fc\u015feni yapmaya gayret etmekteyiz.<\/span><\/p>\n<p><span style=\"font-size: 14pt; color: #000080;\"><strong>2006 y\u0131l\u0131nda Akdeniz Dershanesi olarak e\u011fitim-\u00f6\u011fretim hayat\u0131m\u0131za ba\u015flad\u0131k. 2014 y\u0131l\u0131na kadar y\u00fczlerce \u00f6\u011frencimizi T\u00fcrkiye\u2019nin se\u00e7kin \u00fcniversitelerine, fen liselerine yerle\u015ftirdik.<\/strong><\/span><\/p>\n<p><span style=\"font-size: 14pt; color: #000080;\">2013 y\u0131l\u0131nda e\u011fitim alan\u0131nda \u00f6nc\u00fcl\u00fck ederek \u00d6zel H\u0131z\u0131r Anadolu Sa\u011fl\u0131k Meslek Lisesi\u2019ni a\u00e7\u0131p sa\u011fl\u0131k e\u011fitimi alan\u0131nda da D\u00f6rtyol\u2019un \u00f6nc\u00fc kurumu olduk.<\/span><\/p>\n<p><span style=\"font-size: 14pt; color: #000080;\"><strong>Dershanelerin d\u00f6n\u00fc\u015f\u00fcm\u00fc konusunda ba\u015f\u0131ndan beri s\u00fcrecin i\u00e7inde aktif bir role sahip oldu\u011fumuz i\u00e7in \u00f6nemli ve do\u011fru ad\u0131mlar\u0131 erkenden atma f\u0131rsat\u0131 yakalad\u0131k. 2014 y\u0131l\u0131nda \u00d6zel Yeni Akdeniz Temel Lisesi\u2019ni, 2015 y\u0131l\u0131nda da \u00d6zel Yeni Akdeniz Ortaokulunu a\u00e7t\u0131k.<\/strong><\/span><\/p>\n<p><span style=\"font-size: 14pt; color: #000080;\">17.12.2024 tarihinden itibaren <strong>\u00d6ZEL D\u00d6RTYOL Y\u00dcKSEL\u0130\u015e KOLEJ\u0130 \u0130LKOKULU-ORTAOKULU-ANADOLU L\u0130SES\u0130<\/strong> olarak e\u011fitim-\u00f6\u011fretime devam ediyoruz.<\/span>[\/vc_column_text][\/vc_column][\/vc_row]<\/p>\n","protected":false},"excerpt":{"rendered":"<p>[vc_row][vc_column][stm_title title_align=&#8221;center&#8221; page_title_enable=&#8221;true&#8221; title_margin_b=&#8221;28px&#8221;][\/stm_title][vc_single_image image=&#8221;5057&#8243; img_size=&#8221;full&#8221; alignment=&#8221;center&#8221; style=&#8221;vc_box_rounded&#8221; css_animation=&#8221;slideInLeft&#8221;][vc_column_text css_animation=&#8221;slideInRight&#8221;]D\u00fc\u015f\u00fcnme, alg\u0131lama ve problem \u00e7\u00f6zme yetene\u011fi geli\u015fmi\u015f, demokratik de\u011ferleri ve milli k\u00fclt\u00fcr\u00fc \u00f6z\u00fcmsemi\u015f, payla\u015f\u0131ma ve ileti\u015fime a\u00e7\u0131k, sanat ve estetik duygular\u0131 g\u00fc\u00e7l\u00fc, \u00f6zg\u00fcven ve sorumluluk duygusu ile giri\u015fimcilik ve yenilik\u00e7ilik \u00f6zelliklerine sahip, bilim ve teknoloji kullan\u0131m\u0131na ve \u00fcretimine yatk\u0131n, bilgi toplumunun gerektirdi\u011fi temel bilgi ve becerilerle [&hellip;]<\/p>\n","protected":false},"author":1,"featured_media":0,"parent":0,"menu_order":0,"comment_status":"closed","ping_status":"closed","template":"","meta":{"footnotes":""},"class_list":["post-572","page","type-page","status-publish","hentry"],"_links":{"self":[{"href":"https:\/\/www.dortyolyukselis.k12.tr\/index.php?rest_route=\/wp\/v2\/pages\/572","targetHints":{"allow":["GET"]}}],"collection":[{"href":"https:\/\/www.dortyolyukselis.k12.tr\/index.php?rest_route=\/wp\/v2\/pages"}],"about":[{"href":"https:\/\/www.dortyolyukselis.k12.tr\/index.php?rest_route=\/wp\/v2\/types\/page"}],"author":[{"embeddable":true,"href":"https:\/\/www.dortyolyukselis.k12.tr\/index.php?rest_route=\/wp\/v2\/users\/1"}],"replies":[{"embeddable":true,"href":"https:\/\/www.dortyolyukselis.k12.tr\/index.php?rest_route=%2Fwp%2Fv2%2Fcomments&post=572"}],"version-history":[{"count":65,"href":"https:\/\/www.dortyolyukselis.k12.tr\/index.php?rest_route=\/wp\/v2\/pages\/572\/revisions"}],"predecessor-version":[{"id":6568,"href":"https:\/\/www.dortyolyukselis.k12.tr\/index.php?rest_route=\/wp\/v2\/pages\/572\/revisions\/6568"}],"wp:attachment":[{"href":"https:\/\/www.dortyolyukselis.k12.tr\/index.php?rest_route=%2Fwp%2Fv2%2Fmedia&parent=572"}],"curies":[{"name":"wp","href":"https:\/\/api.w.org\/{rel}","templated":true}]}}