{"id":4961,"date":"2021-10-11T12:00:31","date_gmt":"2021-10-11T09:00:31","guid":{"rendered":"https:\/\/www.dortyolyukselis.k12.tr\/?page_id=4961"},"modified":"2021-11-24T02:06:37","modified_gmt":"2021-11-23T23:06:37","slug":"misyon-vizyon","status":"publish","type":"page","link":"https:\/\/www.dortyolyukselis.k12.tr\/?page_id=4961","title":{"rendered":"Vizyon, Misyon ve De\u011ferlerimiz"},"content":{"rendered":"<p>[vc_row][vc_column][stm_title title_align=&#8221;center&#8221; page_title_enable=&#8221;true&#8221; title_margin_b=&#8221;28px&#8221;][\/stm_title][vc_single_image image=&#8221;4967&#8243; img_size=&#8221;full&#8221; alignment=&#8221;center&#8221; style=&#8221;vc_box_rounded&#8221; css_animation=&#8221;slideInLeft&#8221;][vc_text_separator title=&#8221;Vizyonumuz&#8221; i_icon_fontawesome=&#8221;stmlms-ladder&#8221; color=&#8221;vista_blue&#8221; style=&#8221;shadow&#8221; border_width=&#8221;5&#8243; css_animation=&#8221;slideInRight&#8221; add_icon=&#8221;true&#8221; css=&#8221;.vc_custom_1636485598368{margin-bottom: -10px !important;}&#8221;][vc_column_text css_animation=&#8221;slideInRight&#8221; css=&#8221;.vc_custom_1635847721059{background-color: rgba(193,214,179,0.25) !important;*background-color: rgb(193,214,179) !important;}&#8221;]<\/p>\n<blockquote><p><span style=\"font-size: 14pt; color: #000080;\">Ana dilini s\u00f6zl\u00fc ve yaz\u0131l\u0131 olarak iyi kullanan, geli\u015ftiren ve koruyan, bilgi \u00fcreten ve \u00fcretti\u011fi bilgiyi kullanan, bilimsel d\u00fc\u015f\u00fcnme g\u00fcc\u00fcne sahip, insan hak ve \u00f6zg\u00fcrl\u00fcklerine sayg\u0131l\u0131, ulusal ve evrensel de\u011ferlerle donanm\u0131\u015f bireyler yeti\u015ftiren kurum olmak.<\/span><\/p><\/blockquote>\n<p>[\/vc_column_text][vc_text_separator title=&#8221;Misyonumuz&#8221; i_icon_fontawesome=&#8221;stmlms-world&#8221; color=&#8221;peacoc&#8221; style=&#8221;shadow&#8221; border_width=&#8221;5&#8243; css_animation=&#8221;slideInLeft&#8221; add_icon=&#8221;true&#8221; css=&#8221;.vc_custom_1637650223029{margin-bottom: -10px !important;}&#8221;][vc_column_text css_animation=&#8221;slideInLeft&#8221; css=&#8221;.vc_custom_1637650229872{background-color: rgba(166,179,191,0.25) !important;*background-color: rgb(166,179,191) !important;}&#8221;]<\/p>\n<blockquote><p><span style=\"font-size: 14pt; color: #000080;\">Okulumuzda verdi\u011fimiz e\u011fitim ve \u00f6\u011fretimle hedefimiz; sorumluluk sahibi, kendi k\u00fclt\u00fcr\u00fcne oldu\u011fu gibi ba\u015fka k\u00fclt\u00fcrlere de a\u00e7\u0131k, Atat\u00fcrk\u2019\u00fcn kurdu\u011fu Cumhuriyetin demokratik ilkelerini koruyan ve kendi vatan\u0131 ile Avrupa ve d\u00fcnya aras\u0131nda bir k\u00f6pr\u00fc kurabilecek \u00f6\u011frenmeyi \u00f6\u011frenen \u00f6\u011frenciler yeti\u015ftirmektir.<\/span><\/p>\n<p><span style=\"font-size: 14pt; color: #000080;\">Ezberden \u00f6te \u00f6z\u00fcmseyerek \u00f6\u011frenen, kendini bilgiyle doldurmak yerine bilgiyi kullanan, yaln\u0131zca testlerde de\u011fil, okullar aras\u0131 k\u00fclt\u00fcr, sanat, spor, bilim gibi her dalla ilgili \u00e7al\u0131\u015fmalarda ba\u015far\u0131l\u0131 olan, birikimi y\u00fcksek, \u00f6zg\u00fcr d\u00fc\u015f\u00fcnen ve d\u00fc\u015f\u00fcnd\u00fcklerini a\u00e7\u0131k\u00e7a ifade edebilen, uluslararas\u0131 bir vizyona sahip, yerel de\u011ferlere ba\u011fl\u0131, evrensel de\u011ferlere a\u00e7\u0131k, bilimsel \u00e7al\u0131\u015fmalar y\u00fcr\u00fctebilecek seviyede yabanc\u0131 dil bilgisi olan, gelece\u011fin ayd\u0131nl\u0131k liderleri olacak bireyler yeti\u015ftirmek kurumsal misyonumuzu olu\u015fturuyor.<\/span><\/p><\/blockquote>\n<p>[\/vc_column_text][vc_text_separator title=&#8221;De\u011ferlerimiz&#8221; i_icon_fontawesome=&#8221;stmlms-books_cl&#8221; color=&#8221;chino&#8221; style=&#8221;shadow&#8221; border_width=&#8221;5&#8243; css_animation=&#8221;slideInRight&#8221; add_icon=&#8221;true&#8221; css=&#8221;.vc_custom_1637625444236{margin-bottom: -10px !important;}&#8221;][vc_column_text css_animation=&#8221;slideInRight&#8221; css=&#8221;.vc_custom_1636311275993{background-color: rgba(221,206,177,0.25) !important;*background-color: rgb(221,206,177) !important;}&#8221;]<\/p>\n<blockquote>\n<ul style=\"list-style-type: disc; color: #000080;\">\n<li><span style=\"font-size: 14pt; color: #000080;\">ATAT\u00dcRK \u0130LKE VE \u0130NKILAPLARINA BA\u011eLILIK<\/span><\/li>\n<li><span style=\"font-size: 14pt; color: #000080;\">E\u011e\u0130T\u0130MDE E\u015e\u0130TL\u0130K<\/span><\/li>\n<li><span style=\"font-size: 14pt; color: #000080;\">TOPLUMSAL DE\u011eERLERE SAYGI<\/span><\/li>\n<li><span style=\"font-size: 14pt; color: #000080;\">ANAL\u0130T\u0130K D\u00dc\u015e\u00dcNCE<\/span><\/li>\n<li><span style=\"font-size: 14pt; color: #000080;\">TARAFSIZLIK, SAYGINLIK VE G\u00dcVEN\u0130L\u0130RL\u0130K<\/span><\/li>\n<li><span style=\"font-size: 14pt; color: #000080;\">YEN\u0130L\u0130K\u00c7\u0130, SORUMLULUK VE SAM\u0130M\u0130YET<\/span><\/li>\n<li><span style=\"font-size: 14pt; color: #000080;\">\u0130HT\u0130YA\u00c7 VE BEKLENT\u0130LERE DUYARLILIK<\/span><\/li>\n<\/ul>\n<\/blockquote>\n<p>[\/vc_column_text][\/vc_column][\/vc_row]<\/p>\n","protected":false},"excerpt":{"rendered":"<p>[vc_row][vc_column][stm_title title_align=&#8221;center&#8221; page_title_enable=&#8221;true&#8221; title_margin_b=&#8221;28px&#8221;][\/stm_title][vc_single_image image=&#8221;4967&#8243; img_size=&#8221;full&#8221; alignment=&#8221;center&#8221; style=&#8221;vc_box_rounded&#8221; css_animation=&#8221;slideInLeft&#8221;][vc_text_separator title=&#8221;Vizyonumuz&#8221; i_icon_fontawesome=&#8221;stmlms-ladder&#8221; color=&#8221;vista_blue&#8221; style=&#8221;shadow&#8221; border_width=&#8221;5&#8243; css_animation=&#8221;slideInRight&#8221; add_icon=&#8221;true&#8221; css=&#8221;.vc_custom_1636485598368{margin-bottom: -10px !important;}&#8221;][vc_column_text css_animation=&#8221;slideInRight&#8221; css=&#8221;.vc_custom_1635847721059{background-color: rgba(193,214,179,0.25) !important;*background-color: rgb(193,214,179) !important;}&#8221;] Ana dilini s\u00f6zl\u00fc ve yaz\u0131l\u0131 olarak iyi kullanan, geli\u015ftiren ve koruyan, bilgi \u00fcreten ve \u00fcretti\u011fi bilgiyi kullanan, bilimsel d\u00fc\u015f\u00fcnme g\u00fcc\u00fcne sahip, insan hak ve \u00f6zg\u00fcrl\u00fcklerine sayg\u0131l\u0131, ulusal ve evrensel de\u011ferlerle [&hellip;]<\/p>\n","protected":false},"author":1,"featured_media":0,"parent":0,"menu_order":0,"comment_status":"closed","ping_status":"closed","template":"","meta":{"footnotes":""},"class_list":["post-4961","page","type-page","status-publish","hentry"],"_links":{"self":[{"href":"https:\/\/www.dortyolyukselis.k12.tr\/index.php?rest_route=\/wp\/v2\/pages\/4961","targetHints":{"allow":["GET"]}}],"collection":[{"href":"https:\/\/www.dortyolyukselis.k12.tr\/index.php?rest_route=\/wp\/v2\/pages"}],"about":[{"href":"https:\/\/www.dortyolyukselis.k12.tr\/index.php?rest_route=\/wp\/v2\/types\/page"}],"author":[{"embeddable":true,"href":"https:\/\/www.dortyolyukselis.k12.tr\/index.php?rest_route=\/wp\/v2\/users\/1"}],"replies":[{"embeddable":true,"href":"https:\/\/www.dortyolyukselis.k12.tr\/index.php?rest_route=%2Fwp%2Fv2%2Fcomments&post=4961"}],"version-history":[{"count":52,"href":"https:\/\/www.dortyolyukselis.k12.tr\/index.php?rest_route=\/wp\/v2\/pages\/4961\/revisions"}],"predecessor-version":[{"id":6177,"href":"https:\/\/www.dortyolyukselis.k12.tr\/index.php?rest_route=\/wp\/v2\/pages\/4961\/revisions\/6177"}],"wp:attachment":[{"href":"https:\/\/www.dortyolyukselis.k12.tr\/index.php?rest_route=%2Fwp%2Fv2%2Fmedia&parent=4961"}],"curies":[{"name":"wp","href":"https:\/\/api.w.org\/{rel}","templated":true}]}}